49. What is the units digit of s(-29)?
8
Let y be (0/(-3) - -1)*4591. Suppose 0 = 9*v - 1196 - y. What is the tens digit of v?
4
Let b(q) = 5478*q - 617. What is the hundreds digit of b(7)?
7
Suppose -3*g + 4*k = 168, 6*k + 171 = -3*g + 9*k. Let f = -7 + 6. What is the tens digit of (f - -55)*g/(-18)?
8
What is the hundreds digit of (-3 + 4)/((-5)/(-42490))?
4
Let m(t) = -3*t + 61. Let r be m(7). What is the tens digit of r/(-32)*-410 - (-3)/(-6)?
1
Let p(u) = u**3 - 10*u**2 - 25*u + 12. Let n be p(12). Suppose n = q + 2 - 2. Suppose -3*g - l - l + 384 = q, -3*g + 2*l = -384. What is the tens digit of g?
2
What is the ten thousands digit of -8 - 0 - -1 - (-17971 - -2) - 0?
1
Let l be -7 + 3 - -7 - (15 + -1). Let m be ((-2)/4)/(l/88)*-4. What is the units digit of -37*6*m/32?
1
Let g = 17 + 37. Let x = -46 + g. Suppose -w + x = -0. What is the units digit of w?
8
Let m = -1360 + 3859. Suppose 98 = -t - i + 1348, 2*t + i = m. What is the tens digit of t?
4
Let s(o) = 2*o**2 + 14*o - 117. What is the thousands digit of s(37)?
3
Suppose 27 = 2*i - 9. Suppose -2 = 4*h - i. Suppose h*s - 7*s = -93. What is the units digit of s?
1
Suppose -b + 5086 = 4*g, -4*b + 20356 = 81*g - 77*g. What is the hundreds digit of b?
0
Suppose 0 = o + 57*m - 61*m - 30762, -m - 92264 = -3*o. What is the units digit of o?
4
Let k(a) = -5*a - 21. Let t be k(-5). Let f be -21 - (6/(-4) + 6/t). What is the tens digit of (f/(-6) - 3)*172?
8
Let f = -3 - 45. Let d = 53 + f. Suppose -133 = -5*i - h, -d*h + 116 = 4*i - h. What is the units digit of i?
6
Suppose 3*y + 2*y = 95. Suppose 52 = 15*l - y*l. What is the units digit of 18*l/52*(0 + -2)?
9
Suppose 12 = t + 3*t + 2*s, -9 = -3*t + 5*s. What is the units digit of 2415/(-46)*(-2)/t?
5
Let m(u) = -23*u**2 - 4*u - 17. Let y be m(-6). Let i = y + 1258. What is the hundreds digit of i?
4
Let j = 9498 - 4884. Suppose -4*i - 1408 + j = 5*b, 2*i = -b + 1606. What is the units digit of i?
4
Let f(o) = 14865*o**2 + 59*o + 5. What is the ten thousands digit of f(-2)?
5
Let n(u) = u + 7. Let d be n(0). Let b(p) = -7 + 7*p - 9*p + 5*p + 19*p + 5*p. What is the tens digit of b(d)?
8
Let i = 45 - 21. Suppose o - i = -22. Suppose 0*d + o*r = -4*d + 212, 4*r - 208 = -4*d. What is the units digit of d?
4
What is the hundreds digit of 3 - 7 - (6/(-4))/((-117)/(-662688))?
4
Let b = -23710 - -35736. What is the thousands digit of b?
2
Let s(n) = n**3 - 7*n**2 + 2*n - 6. Let l be s(7). Suppose 9*z + l = 13*z. Let u = 49 + z. What is the units digit of u?
1
What is the thousands digit of (41156/(-3))/((-144)/108)?
0
Suppose 0 = 5*k + 3*v - 0*v - 44, 28 = 3*k + v. Let d(j) = -9*j + 38 + 51 - 85 + 19 + 11*j. What is the units digit of d(k)?
3
Let h be 99/(-6)*(8/4 - 4). Let o be -12 - (3 + 2 + -2). Let b = h - o. What is the units digit of b?
8
Let n(l) = l**2 + 15*l + 9. Let m be n(12). Suppose -17*c + 3801 = m. What is the tens digit of c?
0
Let y(b) = 1616*b**2 + 3*b - 4. Let k be y(1). Suppose 17*i - 22*i - 2*s + k = 0, -5 = s. What is the hundreds digit of i?
3
Let a be ((-13)/26 - (-1485)/(-2))*1. Let m = 1375 + a. What is the hundreds digit of m?
6
Let m(t) = t**2 + 18*t + 12. Let q(r) = -17*r - 11. Let l(s) = 4*m(s) + 5*q(s). What is the tens digit of l(-9)?
3
What is the ten thousands digit of ((-7)/4*-4)/(-1) - 769234/(-19)?
4
Let q = 5774 - -2391. What is the units digit of q?
5
Let t(q) = 2*q + 8. Let k be t(-3). Suppose k*a + 0*a - 140 = -3*u, 0 = a + 2. What is the units digit of u?
8
Suppose -4*t + t = -5*h - 10, -4*h = t - 9. What is the tens digit of 6 - ((-2)/t - 193959/115)?
9
Let d(g) = -145*g - 1. Let z(v) be the second derivative of -v**4/12 - 7*v**3/3 - 7*v**2 + 13*v. Let m be z(-13). What is the tens digit of d(m)?
4
What is the ten thousands digit of (-3)/(18/16) - (-8 - 3333292/51)?
6
Let o(j) = -j**3 + 5*j**2 - j - 3. Let s be o(3). Suppose -2*h + s - 8 = 0. Suppose h*c + 131 = q, 6 = c - 3*c. What is the hundreds digit of q?
1
Let p = -5425 - -19425. What is the units digit of p?
0
Let f(x) = -239*x**2 + 5*x + 15. Let v(p) = -359*p**2 + 8*p + 22. Let z = 119 - 112. Let y(k) = z*f(k) - 5*v(k). What is the hundreds digit of y(-1)?
1
Let j(z) = 5*z - 50. Let a be j(11). Suppose 4*p = -0*p + 2*q + 24, -q + 4 = 0. Suppose 5*u = a*g + 815, -p*u + 4*u = 4*g - 692. What is the units digit of u?
8
Suppose 0 = 5*s + 3*w - 19, -5*w - 12 - 8 = -2*s. Suppose s*k - 4888 - 4492 = 0. What is the thousands digit of k?
1
Suppose -12519 = -7264*v + 7260*v + 101453. What is the tens digit of v?
9
Let q(w) = 1957*w**2 + 87*w + 414. What is the units digit of q(-5)?
4
Suppose -s - 2*y = 2*y - 748, -4*y + 3016 = 4*s. Let a = s - 119. What is the hundreds digit of a?
6
Let j(z) = 365*z**2 - 84*z - 682. What is the ten thousands digit of j(-8)?
2
Suppose 16*v - 57376 = 227744. What is the hundreds digit of v?
8
What is the units digit of (68/(-51) + (-276010)/(-75))/(4/10)?
7
Suppose -2*y = l - 40986, 130*y - 3*l - 102476 = 125*y. What is the tens digit of y?
9
Let t(f) = f**3 - 5*f**2 - 4*f - 10. Let u be t(6). What is the hundreds digit of (-3 - -1) + u + (-18658)/(-38)?
4
Let l = 33122 - 24331. What is the units digit of l?
1
Let j(f) = f**3 + 23*f**2 + 13*f + 21. Let d = -184 - -162. What is the hundreds digit of j(d)?
2
Let k be 15/(-3) + 3/1. What is the tens digit of (1225/(-10))/7*2*k?
7
Suppose -19*d + 218084 = -14267. What is the ten thousands digit of d?
1
Let l be (-52)/(-78)*(-18)/(-4). Suppose 5*x - 269 = -h, l*h + 0 = -3. Suppose -22 = -2*j + x. What is the units digit of j?
8
Suppose 0 = -3*a + 719 + 490. What is the hundreds digit of 0 + 5/1 + a + 4?
4
Let z(y) = 702*y**2 - 146*y + 965. What is the ten thousands digit of z(7)?
3
Let a(b) = -2*b**3 - 9*b**2 + 4*b - 10. Let c be a(10). What is the tens digit of (c/25)/((-2)/10)?
7
Let c(z) = -14*z**3 - 3*z**2 - 28*z + 21. What is the tens digit of c(-8)?
2
Let h(o) = 2*o**3 - 24*o**2 - 43*o + 83. What is the units digit of h(20)?
3
Suppose 0 = 2*x + 5*s + 120, -5*x + 0*s - 2*s = 258. Let u = 49 + x. What is the units digit of u*(-3)/(-12)*-332?
3
Let a be (-6 + 22 + -4)*402/8. Let f be 13 + a - 4/2. Suppose -5*p - 2*j = -6*j - f, 5*p = -5*j + 650. What is the units digit of p?
6
Let m(y) be the second derivative of 8*y**2 - 13*y + 2/3*y**3 + 0. What is the units digit of m(19)?
2
Let u be 650 + (-8 - -7)*0/(-2). Suppose 3*c = -2*k + 20 + 642, u = 2*k - 3*c. Suppose 2*b - x = x + k, 2*x = 3*b - 491. What is the tens digit of b?
6
Suppose 39*v - 114426 = -15*v + 152010. What is the units digit of v?
4
Suppose -5*y + 110 = 35. Let q be (-2)/(50/(-85)) + (-6)/y. Suppose 2*v - v + 205 = 4*d, q*d = v + 154. What is the tens digit of d?
5
Suppose -2*n + 2*j = -15498, 4*n - 3*j = -16771 + 47762. What is the tens digit of n?
4
Let i(f) = -4*f**2 + 150*f + 22. Let b(g) = g**2 - 13*g + 1. Let u be b(14). What is the units digit of i(u)?
2
Let a = -330 + 328. What is the units digit of (-3 - (a - 1)) + (-420)/(-3)?
0
Suppose 1385*g + 371150 = 1395*g. What is the ten thousands digit of g?
3
Suppose 9*m + 489 = 12*m. Let k(f) = 3*f + 63. Let h be k(-21). Suppose -d + m = -0*d + 2*c, h = 4*d + 5*c - 652. What is the units digit of d?
3
Suppose -3*w - 40 = -11*w. Suppose -5*u - 80 = -r, -u = 2*r + 4*u - 190. Let z = r + w. What is the tens digit of z?
9
Suppose 69*y - 481823 + 154556 = 0. What is the tens digit of y?
4
Let x be ((-1)/3)/(7/63). Let l be -1*129/(x + 0). Suppose 4*j - l = 25. What is the tens digit of j?
1
Let v(n) = 2*n**2 + 8*n - 18. Let f be v(-6). Suppose j + f = 12. What is the tens digit of ((-1023)/(-9) - -2) + j/18?
1
Suppose 170*u = 4495683 + 3509787. What is the hundreds digit of u?
0
Let l be (27 - 3)/(-4) + 2. Let j = l + 6. Suppose -j*w + 4 = -88. What is the units digit of w?
6
Let h = 77089 + -44172. What is the thousands digit of h?
2
Let f(n) be the third derivative of -n**6/30 - n**5/20 - 5*n**4/24 - n**3/3 + 8*n**2. Let d be f(-2). Suppose 0 = 12*p + d - 76. What is the units digit of p?
4
Suppose -1092 = -4*s - 444. Suppose -s = -2*f + 4*g, -5*g + 79 + 271 = 4*f. What is the tens digit of f?
8
Let o be (-8 - -11)*437/3. What is the units digit of (-30)/20 - o/(-2)?
7
Suppose -5*p + 2*g - 24 = 0, 13 + 8 = -p - 5*g. Let s(c) = -c**3 - 2*c**2 + 4*c + 2. What 